48 is divided by 1386?
14
Calculate the remainder when 1152 is divided by 192.
0
What is the remainder when 12266 is divided by 5388?
1490
Calculate the remainder when 37441 is divided by 117.
1
Calculate the remainder when 1126519 is divided by 32.
23
Calculate the remainder when 16930 is divided by 3382.
20
What is the remainder when 2885 is divided by 2847?
38
Calculate the remainder when 45051 is divided by 128.
123
What is the remainder when 643478 is divided by 18385?
3
What is the remainder when 94641 is divided by 149?
26
What is the remainder when 1634 is divided by 800?
34
Calculate the remainder when 5666 is divided by 318.
260
Calculate the remainder when 373687 is divided by 29.
22
Calculate the remainder when 13954 is divided by 99.
94
What is the remainder when 1722309 is divided by 342?
339
Calculate the remainder when 930849 is divided by 13.
10
Calculate the remainder when 14961 is divided by 679.
23
Calculate the remainder when 115280 is divided by 12.
8
What is the remainder when 66483 is divided by 14?
11
Calculate the remainder when 367459 is divided by 7066.
27
What is the remainder when 9735 is divided by 1926?
105
Calculate the remainder when 980 is divided by 36.
8
Calculate the remainder when 1701354 is divided by 17.
11
What is the remainder when 63089 is divided by 38?
9
What is the remainder when 8409 is divided by 13?
11
What is the remainder when 34144 is divided by 488?
472
What is the remainder when 6366 is divided by 2122?
0
What is the remainder when 989057 is divided by 197809?
12
What is the remainder when 20518 is divided by 1206?
16
Calculate the remainder when 431 is divided by 78.
41
What is the remainder when 50984 is divided by 12744?
8
What is the remainder when 34640 is divided by 6915?
65
Calculate the remainder when 25661 is divided by 177.
173
What is the remainder when 4204 is divided by 4199?
5
Calculate the remainder when 631 is divided by 9.
1
Calculate the remainder when 8165 is divided by 394.
285
Calculate the remainder when 49805 is divided by 35.
0
Calculate the remainder when 16431 is divided by 32.
15
What is the remainder when 23665 is divided by 135?
40
Calculate the remainder when 86651 is divided by 143.
136
What is the remainder when 8475 is divided by 28?
19
What is the remainder when 55502 is divided by 247?
174
What is the remainder when 1490 is divided by 447?
149
What is the remainder when 33135 is divided by 1504?
47
Calculate the remainder when 1474 is divided by 1437.
37
Calculate the remainder when 2301710 is divided by 61.
58
What is the remainder when 1542207 is divided by 16?
15
What is the remainder when 16782 is divided by 112?
94
What is the remainder when 5289 is divided by 246?
123
Calculate the remainder when 14206 is divided by 49.
45
What is the remainder when 18467 is divided by 1833?
137
Calculate the remainder when 3351 is divided by 190.
121
Calculate the remainder when 472857 is divided by 485.
467
What is the remainder when 344391 is divided by 28?
19
What is the remainder when 7994 is divided by 820?
614
Calculate the remainder when 418456 is divided by 2082.
2056
What is the remainder when 9386 is divided by 36?
26
What is the remainder when 61878 is divided by 15460?
38
What is the remainder when 10388 is divided by 3455?
23
Calculate the remainder when 13292 is divided by 23.
21
What is the remainder when 51231 is divided by 274?
267
Calculate the remainder when 36605 is divided by 12200.
5
What is the remainder when 261918 is divided by 130958?
2
What is the remainder when 8685 is divided by 798?
705
What is the remainder when 22352 is divided by 2793?
8
Calculate the remainder when 279456 is divided by 93147.
15
What is the remainder when 25678 is divided by 384?
334
What is the remainder when 89506 is divided by 2419?
3
Calculate the remainder when 875 is divided by 608.
267
Calculate the remainder when 16990 is divided by 192.
94
What is the remainder when 142947 is divided by 142913?
34
Calculate the remainder when 25771 is divided by 72.
67
Calculate the remainder when 89017 is divided by 235.
187
What is the remainder when 824 is divided by 806?
18
Calculate the remainder when 15268 is divided by 166.
162
What is the remainder when 263 is divided by 60?
23
Calculate the remainder when 2546 is divided by 2519.
27
Calculate the remainder when 56515 is divided by 279.
157
What is the remainder when 8204 is divided by 60?
44
What is the remainder when 255 is divided by 38?
27
What is the remainder when 398806 is divided by 71?
70
Calculate the remainder when 230317 is divided by 57576.
13
Calculate the remainder when 5999 is divided by 25.
24
Calculate the remainder when 800074 is divided by 5096.
2
What is the remainder when 76791 is divided by 116?
115
What is the remainder when 869 is divided by 290?
289
Calculate the remainder when 21815 is divided by 996.
899
What is the remainder when 11401 is divided by 495?
16
Calculate the remainder when 2017 is divided by 335.
7
What is the remainder when 10914 is divided by 10907?
7
Calculate the remainder when 11131 is divided by 5536.
59
Calculate the remainder when 1669 is divided by 93.
88
What is the remainder when 1518 is divided by 139?
128
Calculate the remainder when 22509 is divided by 280.
109
Calculate the remainder when 832 is divided by 81.
22
What is the remainder when 97279 is divided by 76?
75
What is the remainder when 1213 is divided by 484?
245
What is the remainder when 68117 is divided by 12?
5
What is the remainder when 20695 is divided by 3437?
73
What is the remainder when 2242 is divided by 372?
10
Calculate the remainder when 2877 is divided by 224.
189
Calculate the remainder when 34280 is divided by 8537.
132
What is the remainder when 42777 is divided by 778?
765
Calculate the remainder when 97834 is divided by 186.
184
What is the remainder when 18942 is divided by 9467?
8
What is the remainder when 15127 is divided by 291?
286
Calculate the remainder when 18148 is divided by 343.
312
What is the remainder when 13504786 is divided by 2211?
2209
What is the remainder when 80443 is divided by 155?
153
What is the remainder when 351115 is divided by 399?
394
What is the remainder when 1012 is divided by 54?
40
Calculate the remainder when 49950 is divided by 16640.
30
What is the remainder when 101993 is divided by 133?
115
What is the remainder when 185585 is divided by 814?
807
What is the remainder when 98153 is divided by 266?
265
Calculate the remainder when 2222 is divided by 228.
170
What is the remainder when 367 is divided by 49?
24
Calculate the remainder when 45056 is divided by 2501.
38
Calculate the remainder when 1287 is divided by 538.
211
Calculate the remainder when 37512 is divided by 86.
16
What is the remainder when 79513 is divided by 206?
203
What is the remainder when 3178 is divided by 85?
33
What is the remainder when 30165 is divided by 78?
57
What is the remainder when 59764 is divided by 687?
682
What is the remainder when 683006 is divided by 1472?
1470
What is the remainder when 73245 is divided by 106?
105
What is the remainder when 80597 is divided by 7?
6
Calculate the remainder when 12650 is divided by 198.
176
What is the remainder when 5925 is divided by 1180?
25
What is the remainder when 2171986 is divided by 7?
5
Calculate the remainder when 4779 is divided by 99.
27
Calculate the remainder when 17354 is divided by 136.
82
What is the remainder when 5984949 is divided by 25?
24
What is the remainder when 129861 is divided by 176?
149
Calculate the remainder when 4320 is divided by 96.
0
Calculate the remainder when 29026 is divided by 575.
276
What is the remainder when 5675 is divided by 944?
11
Calculate the remainder when 25150 is divided by 23.
11
Calculate the remainder when 16108 is divided by 45.
43
Calculate the remainder when 1584272 is divided by 12.
8
What is the remainder when 27097 is divided by 15?
7
Calculate the remainder when 32322 is divided by 25.
22
Calculate the remainder when 2606 is divided by 421.
80
Calculate the remainder when 19644 is divided by 161.
2
Calculate the remainder when 4119 is divided by 242.
5
Calculate the remainder when 74000 is divided by 232.
224
Calculate the remainder when 23269 is divid